{"id":12,"date":"2021-04-06T16:35:25","date_gmt":"2021-04-06T16:35:25","guid":{"rendered":"https:\/\/izglitibas-ab.lv\/anxiety\/?page_id=12"},"modified":"2023-04-16T14:02:22","modified_gmt":"2023-04-16T14:02:22","slug":"project-team-contacts","status":"publish","type":"page","link":"https:\/\/izglitibas-ab.lv\/anxiety\/project-team-contacts\/","title":{"rendered":"Project team &#038; contacts"},"content":{"rendered":"\n<p><strong>Project team &amp; contacts<\/strong><\/p>\n\n\n\n<figure class=\"wp-block-image size-large\"><img loading=\"lazy\" decoding=\"async\" width=\"680\" height=\"250\" src=\"https:\/\/izglitibas-ab.lv\/anxiety\/wp-content\/uploads\/sites\/3\/2021\/04\/website_logo_solid_background-1.png\" alt=\"\" class=\"wp-image-106\" srcset=\"https:\/\/izglitibas-ab.lv\/anxiety\/wp-content\/uploads\/sites\/3\/2021\/04\/website_logo_solid_background-1.png 680w, https:\/\/izglitibas-ab.lv\/anxiety\/wp-content\/uploads\/sites\/3\/2021\/04\/website_logo_solid_background-1-300x110.png 300w\" sizes=\"auto, (max-width: 680px) 100vw, 680px\" \/><\/figure>\n\n\n\n<p style=\"line-height:0.5\">Organisation:     SIA Izgl\u012bt\u012bbas atbalsta birojs<\/p>\n\n\n\n<p style=\"line-height:0.5\">Country              Latvia<\/p>\n\n\n\n<p style=\"line-height:0.5\">Coordinator       Anna Vintere<\/p>\n\n\n\n<p style=\"line-height:0.5\">anna.vintere@tl.lv<\/p>\n\n\n\n<p style=\"line-height:0.5\">www.izglitibas-ab.lv<\/p>\n\n\n\n<figure class=\"wp-block-image size-large\"><img loading=\"lazy\" decoding=\"async\" width=\"768\" height=\"768\" src=\"https:\/\/izglitibas-ab.lv\/anxiety\/wp-content\/uploads\/sites\/3\/2021\/04\/Mehmet-Sinan-Dereli-Secondary-School-Logo.jpg\" alt=\"\" class=\"wp-image-108\" srcset=\"https:\/\/izglitibas-ab.lv\/anxiety\/wp-content\/uploads\/sites\/3\/2021\/04\/Mehmet-Sinan-Dereli-Secondary-School-Logo.jpg 768w, https:\/\/izglitibas-ab.lv\/anxiety\/wp-content\/uploads\/sites\/3\/2021\/04\/Mehmet-Sinan-Dereli-Secondary-School-Logo-300x300.jpg 300w, https:\/\/izglitibas-ab.lv\/anxiety\/wp-content\/uploads\/sites\/3\/2021\/04\/Mehmet-Sinan-Dereli-Secondary-School-Logo-150x150.jpg 150w\" sizes=\"auto, (max-width: 768px) 100vw, 768px\" \/><\/figure>\n\n\n\n<p style=\"line-height:0.5\">Organisation      Mehmet Sinan Dereli Ortaokulu<\/p>\n\n\n\n<p style=\"line-height:0.5\">Country              Turkey<\/p>\n\n\n\n<p style=\"line-height:0.5\">Coordinator        G\u00fcls\u00fcn Arslan<\/p>\n\n\n\n<p style=\"line-height:0.5\"><a href=\"mailto:gulsunarslan@hotmail.com\">gulsunarslan@hotmail.com<\/a><\/p>\n\n\n\n<p style=\"line-height:0.5\"><a href=\"http:\/\/sinandereli.meb.k12.tr\/\">http:\/\/sinandereli.meb.k12.tr<\/a><\/p>\n\n\n\n<figure class=\"wp-block-image size-large\"><img loading=\"lazy\" decoding=\"async\" width=\"1024\" height=\"1005\" src=\"https:\/\/izglitibas-ab.lv\/anxiety\/wp-content\/uploads\/sites\/3\/2021\/04\/OOU-HK-logo-color-1024x1005.png\" alt=\"\" class=\"wp-image-109\" srcset=\"https:\/\/izglitibas-ab.lv\/anxiety\/wp-content\/uploads\/sites\/3\/2021\/04\/OOU-HK-logo-color-1024x1005.png 1024w, https:\/\/izglitibas-ab.lv\/anxiety\/wp-content\/uploads\/sites\/3\/2021\/04\/OOU-HK-logo-color-300x294.png 300w, https:\/\/izglitibas-ab.lv\/anxiety\/wp-content\/uploads\/sites\/3\/2021\/04\/OOU-HK-logo-color-768x754.png 768w, https:\/\/izglitibas-ab.lv\/anxiety\/wp-content\/uploads\/sites\/3\/2021\/04\/OOU-HK-logo-color-1536x1508.png 1536w, https:\/\/izglitibas-ab.lv\/anxiety\/wp-content\/uploads\/sites\/3\/2021\/04\/OOU-HK-logo-color-1568x1539.png 1568w, https:\/\/izglitibas-ab.lv\/anxiety\/wp-content\/uploads\/sites\/3\/2021\/04\/OOU-HK-logo-color.png 1950w\" sizes=\"auto, (max-width: 1024px) 100vw, 1024px\" \/><\/figure>\n\n\n\n<p style=\"line-height:0.5\">Organisation           Hristijan Karposh<\/p>\n\n\n\n<p style=\"line-height:0.5\">Country                   Macedonia<\/p>\n\n\n\n<p style=\"line-height:0.5\">Coordinator            Ana Nojkovska<\/p>\n\n\n\n<p style=\"line-height:0.5\"><a href=\"mailto:spasovska_ana@hotmail.com\">spasovska_ana@hotmail.com<\/a><\/p>\n\n\n\n<p style=\"line-height:0.5\">http:\/\/hristijankarposh.jimdo.com<\/p>\n\n\n\n<figure class=\"wp-block-image size-large\"><img loading=\"lazy\" decoding=\"async\" width=\"265\" height=\"139\" src=\"https:\/\/izglitibas-ab.lv\/anxiety\/wp-content\/uploads\/sites\/3\/2021\/04\/Seneca-logo.png\" alt=\"\" class=\"wp-image-110\"\/><\/figure>\n\n\n\n<p style=\"line-height:0.5\">Organisation            Colegio S\u00e9neca S.C.A.<\/p>\n\n\n\n<p style=\"line-height:0.5\">Country                  Spain<\/p>\n\n\n\n<p style=\"line-height:0.5\">Coordinator            Jos\u00e9 Carlos Le\u00f3n<\/p>\n\n\n\n<p style=\"line-height:0.5\"><a href=\"mailto:josecarlos@indepcie.com\">josecarlos@indepcie.com<\/a><\/p>\n\n\n\n<p style=\"line-height:0.5\">http:\/\/<a href=\"http:\/\/www.colegioseneca.es\/\">www.colegioseneca.es<\/a><\/p>\n\n\n\n<figure class=\"wp-block-image size-large\"><img loading=\"lazy\" decoding=\"async\" width=\"290\" height=\"410\" src=\"https:\/\/izglitibas-ab.lv\/anxiety\/wp-content\/uploads\/sites\/3\/2021\/04\/Azuolyno-logo.jpg\" alt=\"\" class=\"wp-image-111\" srcset=\"https:\/\/izglitibas-ab.lv\/anxiety\/wp-content\/uploads\/sites\/3\/2021\/04\/Azuolyno-logo.jpg 290w, https:\/\/izglitibas-ab.lv\/anxiety\/wp-content\/uploads\/sites\/3\/2021\/04\/Azuolyno-logo-212x300.jpg 212w\" sizes=\"auto, (max-width: 290px) 100vw, 290px\" \/><\/figure>\n\n\n\n<p style=\"line-height:0.5\">Organisation           Klaip\u0117da &#8220;\u0104\u017euolyno&#8221; gymnasium<\/p>\n\n\n\n<p style=\"line-height:0.5\">Country                   Lithuania<\/p>\n\n\n\n<p style=\"line-height:0.5\">Coordinator            Inga Greblikien\u0117<\/p>\n\n\n\n<p style=\"line-height:0.5\"><a href=\"mailto:inga0611@gmail.com\">inga0611@gmail.com<\/a><\/p>\n\n\n\n<p style=\"line-height:0.5\"><a href=\"http:\/\/www.azuolynogimnazija.lt\/\">http:\/\/www.azuolynogimnazija.lt<\/a><\/p>\n\n\n\n<figure class=\"wp-block-image size-full\"><img loading=\"lazy\" decoding=\"async\" width=\"676\" height=\"332\" src=\"https:\/\/izglitibas-ab.lv\/anxiety\/wp-content\/uploads\/sites\/3\/2023\/04\/vrancea.png\" alt=\"\" class=\"wp-image-190\" srcset=\"https:\/\/izglitibas-ab.lv\/anxiety\/wp-content\/uploads\/sites\/3\/2023\/04\/vrancea.png 676w, https:\/\/izglitibas-ab.lv\/anxiety\/wp-content\/uploads\/sites\/3\/2023\/04\/vrancea-300x147.png 300w\" sizes=\"auto, (max-width: 676px) 100vw, 676px\" \/><\/figure>\n\n\n\n<p><\/p>\n\n\n\n<p><\/p>\n\n\n\n<p style=\"line-height:1\">Organisation            Centrul Judetean de Resurse si Asistenta           Educationala Vrancea<\/p>\n\n\n\n<p style=\"line-height:0.5\">Country                     Romainia<\/p>\n\n\n\n<p style=\"line-height:0.5\"><strong>Coordinator<\/strong>              Silviu Daniel Brebulet<\/p>\n\n\n\n<p style=\"line-height:0.5\"><a href=\"mailto:silviu_brebulet@yahoo.com\">silviu_brebulet@yahoo.com<\/a><\/p>\n\n\n\n<p style=\"line-height:0.5\">http:\/\/<a href=\"http:\/\/www.cjraevn.ro\/\">www.cjraevn.ro<\/a><\/p>\n\n\n\n<p>                    <\/p>\n","protected":false},"excerpt":{"rendered":"<p>Project team &amp; contacts Organisation: SIA Izgl\u012bt\u012bbas atbalsta birojs Country Latvia Coordinator Anna Vintere anna.vintere@tl.lv www.izglitibas-ab.lv Organisation Mehmet Sinan Dereli Ortaokulu Country Turkey Coordinator G\u00fcls\u00fcn Arslan gulsunarslan@hotmail.com http:\/\/sinandereli.meb.k12.tr Organisation Hristijan Karposh Country Macedonia Coordinator Ana Nojkovska spasovska_ana@hotmail.com http:\/\/hristijankarposh.jimdo.com Organisation Colegio S\u00e9neca S.C.A. Country Spain Coordinator Jos\u00e9 Carlos Le\u00f3n josecarlos@indepcie.com http:\/\/www.colegioseneca.es Organisation Klaip\u0117da &#8220;\u0104\u017euolyno&#8221; gymnasium Country&hellip; <a class=\"more-link\" href=\"https:\/\/izglitibas-ab.lv\/anxiety\/project-team-contacts\/\">Continue reading <span class=\"screen-reader-text\">Project team &#038; contacts<\/span><\/a><\/p>\n","protected":false},"author":1,"featured_media":0,"parent":0,"menu_order":0,"comment_status":"closed","ping_status":"closed","template":"","meta":{"footnotes":""},"class_list":["post-12","page","type-page","status-publish","hentry","entry"],"_links":{"self":[{"href":"https:\/\/izglitibas-ab.lv\/anxiety\/wp-json\/wp\/v2\/pages\/12","targetHints":{"allow":["GET"]}}],"collection":[{"href":"https:\/\/izglitibas-ab.lv\/anxiety\/wp-json\/wp\/v2\/pages"}],"about":[{"href":"https:\/\/izglitibas-ab.lv\/anxiety\/wp-json\/wp\/v2\/types\/page"}],"author":[{"embeddable":true,"href":"https:\/\/izglitibas-ab.lv\/anxiety\/wp-json\/wp\/v2\/users\/1"}],"replies":[{"embeddable":true,"href":"https:\/\/izglitibas-ab.lv\/anxiety\/wp-json\/wp\/v2\/comments?post=12"}],"version-history":[{"count":6,"href":"https:\/\/izglitibas-ab.lv\/anxiety\/wp-json\/wp\/v2\/pages\/12\/revisions"}],"predecessor-version":[{"id":191,"href":"https:\/\/izglitibas-ab.lv\/anxiety\/wp-json\/wp\/v2\/pages\/12\/revisions\/191"}],"wp:attachment":[{"href":"https:\/\/izglitibas-ab.lv\/anxiety\/wp-json\/wp\/v2\/media?parent=12"}],"curies":[{"name":"wp","href":"https:\/\/api.w.org\/{rel}","templated":true}]}}